
What is the tens digit of 2083?
8
What is the hundreds digit of 1074?
0
What is the tens digit of 4063?
6
What is the units digit of 860?
0
What is the hundreds digit of 14143?
1
What is the units digit of 1263?
3
What is the hundreds digit of 848?
8
What is the hundred thousands digit of 102116?
1
What is the units digit of 4416?
6
What is the thousands digit of 70548?
0
What is the hundreds digit of 763?
7
What is the units digit of 759?
9
What is the hundreds digit of 4650?
6
What is the hundreds digit of 17040?
0
What is the units digit of 1624?
4
What is the ten thousands digit of 12176?
1
What is the thousands digit of 4412?
4
What is the units digit of 3829?
9
What is the tens digit of 24692?
9
What is the thousands digit of 10578?
0
What is the hundreds digit of 2683?
6
What is the units digit of 24672?
2
What is the units digit of 2056?
6
What is the ten thousands digit of 15083?
1
What is the tens digit of 6618?
1
What is the units digit of 817?
7
What is the tens digit of 533?
3
What is the hundreds digit of 12683?
6
What is the tens digit of 15?
1
What is the ten thousands digit of 28178?
2
What is the units digit of 13861?
1
What is the tens digit of 7902?
0
What is the hundreds digit of 1314?
3
What is the units digit of 1134?
4
What is the hundreds digit of 59142?
1
What is the thousands digit of 5596?
5
What is the units digit of 3346?
6
What is the units digit of 260?
0
What is the hundreds digit of 74140?
1
What is the tens digit of 104?
0
What is the units digit of 250?
0
What is the tens digit of 646?
4
What is the tens digit of 1046?
4
What is the hundreds digit of 7456?
4
What is the tens digit of 84106?
0
What is the ten thousands digit of 26837?
2
What is the tens digit of 265?
6
What is the hundreds digit of 979?
9
What is the thousands digit of 2884?
2
What is the tens digit of 25?
2
What is the tens digit of 5795?
9
What is the units digit of 4619?
9
What is the tens digit of 28154?
5
What is the units digit of 265?
5
What is the hundreds digit of 23610?
6
What is the units digit of 616?
6
What is the hundreds digit of 9087?
0
What is the hundreds digit of 3305?
3
What is the hundreds digit of 9127?
1
What is the ten thousands digit of 16049?
1
What is the units digit of 3651?
1
What is the ten thousands digit of 31006?
3
What is the hundreds digit of 9692?
6
What is the thousands digit of 11864?
1
What is the tens digit of 1763?
6
What is the tens digit of 1033?
3
What is the thousands digit of 9435?
9
What is the tens digit of 452?
5
What is the tens digit of 4177?
7
What is the hundreds digit of 2964?
9
What is the units digit of 2659?
9
What is the ten thousands digit of 18374?
1
What is the ten thousands digit of 150521?
5
What is the ten thousands digit of 74073?
7
What is the tens digit of 1807?
0
What is the tens digit of 2649?
4
What is the units digit of 887?
7
What is the tens digit of 3686?
8
What is the tens digit of 1463?
6
What is the thousands digit of 20544?
0
What is the hundreds digit of 8506?
5
What is the units digit of 492?
2
What is the units digit of 8121?
1
What is the units digit of 1284?
4
What is the tens digit of 294?
9
What is the units digit of 56135?
5
What is the units digit of 6703?
3
What is the tens digit of 1676?
7
What is the hundreds digit of 982?
9
What is the tens digit of 56007?
0
What is the hundreds digit of 2427?
4
What is the hundreds digit of 769?
7
What is the units digit of 1300?
0
What is the hundreds digit of 79942?
9
What is the units digit of 8313?
3
What is the ten thousands digit of 57186?
5
What is the units digit of 1395?
5
What is the hundreds digit of 5557?
5
What is the units digit of 7856?
6
What is the tens digit of 38185?
8
What is the units digit of 34366?
6
What is the ten thousands digit of 82077?
8
What is the thousands digit of 49713?
9
What is the ten thousands digit of 13394?
1
What is the tens digit of 15671?
7
What is the tens digit of 13002?
0
What is the thousands digit of 3920?
3
What is the units digit of 1952?
2
What is the tens digit of 29400?
0
What is the thousands digit of 3214?
3
What is the hundreds digit of 50145?
1
What is the units digit of 132468?
8
What is the thousands digit of 4554?
4
What is the tens digit of 413?
1
What is the hundreds digit of 2776?
7
What is the hundreds digit of 9412?
4
What is the units digit of 15848?
8
What is the thousands digit of 2827?
2
What is the thousands digit of 29423?
9
What is the hundreds digit of 6239?
2
What is the units digit of 6548?
8
What is the units digit of 44?
4
What is the tens digit of 244?
4
What is the thousands digit of 4262?
4
What is the hundreds digit of 708?
7
What is the hundreds digit of 714?
7
What is the tens digit of 2183?
8
What is the units digit of 116806?
6
What is the hundreds digit of 438?
4
What is the ten thousands digit of 41033?
4
What is the tens digit of 45408?
0
What is the ten thousands digit of 20566?
2
What is the hundreds digit of 9931?
9
What is the units digit of 16610?
0
What is the thousands digit of 115946?
5
What is the units digit of 31689?
9
What is the ten thousands digit of 145913?
4
What is the ten thousands digit of 11699?
1
What is the tens digit of 384?
8
What is the units digit of 10509?
9
What is the hundreds digit of 601?
6
What is the thousands digit of 58321?
8
What is the thousands digit of 15468?
5
What is the thousands digit of 10823?
0
What is the units digit of 160?
0
What is the hundreds digit of 6914?
9
What is the thousands digit of 1478?
1
What is the hundreds digit of 1821?
8
What is the tens digit of 11172?
7
What is the hundreds digit of 943?
9
What is the units digit of 266?
6
What is the units digit of 11704?
4
What is the units digit of 31743?
3
What is the units digit of 8940?
0
What is the thousands digit of 2944?
2
What is the ten thousands digit of 37009?
3
What is the ten thousands digit of 86406?
8
What is the thousands digit of 7654?
7
What is the ten thousands digit of 32531?
3
What is the units digit of 1049?
9
What is the units digit of 30148?
8
What is the units digit of 811?
1
What is the tens digit of 14464?
6
What is the tens digit of 91?
9
What is the tens digit of 8055?
5
What is the hundred thousands digit of 114580?
1
What is the units digit of 12768?
8
What is the units digit of 482?
2
What is the units digit of 745?
5
What is the hundreds digit of 68830?
8
What is the units digit of 9869?
9
What is the tens digit of 4250?
5
What is the tens digit of 814?
1
What is the hundreds digit of 889?
8
What is the tens digit of 31320?
2
What is the thousands digit of 1888?
1
What is the units digit of 41677?
7
What is the tens digit of 263?
6
What is the units digit of 1060?
0
What is the hundreds digit of 2603?
6
What is the ten thousands digit of 10480?
1
What is the tens digit of 2387?
8
What is the units digit of 20916?
6
What is the tens digit of 11758?
5
What is the units digit of 46450?
0
What is the thousands digit of 1399?
1
What is the hundreds digit of 407?
4
What is the hundreds digit of 1304?
3
What is the tens digit of 3121?
2
What is the thousands digit of 59233?
9
What is the hundreds digit of 618?
6
What is the thousands digit of 1517?
1
What is the units digit of 3077?
7
What is the hundreds digit of 25385?
3
What is the units digit of 2182?
2
What is the tens digit of 24648?
4
What is the tens digit of 892?
9
What is the hundreds digit of 11897?
8
What is the thousands digit of 30327?
0
What is the units digit of 21318?
8
What is the tens digit of 866?
6
What is the ten thousands digit of 10620?
1
What is the tens digit of 7356?
5
What is the units digit of 11843?
3
What is the thousands digit of 81686?
1
What is the tens digit of 2252?
5
What is the thousands digit of 10473?
0
What is the tens digit of 4150?
5
What is the ten thousands digit of 16255?
1
What is the tens digit of 35273?
7
What is the units digit of 2998?
8
What is the tens digit of 9085?
8
What is the hundreds digit of 1581?
5
What is the tens digit of 3162?
6
What is the units digit of 3023?
3
What is the units digit of 20360?
0
What is the units digit of 3673?
3
What is the hundreds digit of 7594?
5
What is the hundreds digit of 639?
6
What is the hundreds digit of 41438?
4
What is the hundreds digit of 1005?
0
What